{"id":19,"date":"2020-09-11T12:27:10","date_gmt":"2020-09-11T12:27:10","guid":{"rendered":"http:\/\/miriamaguiar.com.br\/blog\/?page_id=19"},"modified":"2021-03-21T23:04:00","modified_gmt":"2021-03-21T23:04:00","slug":"artigos-e-livros","status":"publish","type":"page","link":"https:\/\/www.miriamaguiar.com.br\/blog\/artigos-e-livros\/","title":{"rendered":"Artigos e Livros"},"content":{"rendered":"\n<h2 class=\"wp-block-heading\">Conhe\u00e7a um pouco mais do conte\u00fado que produzo.<\/h2>\n\n\n\n<h3 class=\"wp-block-heading\">Livros<\/h3>\n\n\n\n<div class=\"wp-block-media-text alignwide is-stacked-on-mobile is-vertically-aligned-top\" style=\"grid-template-columns:28% auto\"><figure class=\"wp-block-media-text__media\"><img loading=\"lazy\" decoding=\"async\" width=\"370\" height=\"538\" src=\"https:\/\/www.miriamaguiar.com.br\/blog\/wp-content\/uploads\/2021\/03\/426-20150717172844.jpg\" alt=\"\" class=\"wp-image-760 size-full\" srcset=\"https:\/\/www.miriamaguiar.com.br\/blog\/wp-content\/uploads\/2021\/03\/426-20150717172844.jpg 370w, https:\/\/www.miriamaguiar.com.br\/blog\/wp-content\/uploads\/2021\/03\/426-20150717172844-324x471.jpg 324w, https:\/\/www.miriamaguiar.com.br\/blog\/wp-content\/uploads\/2021\/03\/426-20150717172844-206x300.jpg 206w\" sizes=\"auto, (max-width: 370px) 100vw, 370px\" \/><\/figure><div class=\"wp-block-media-text__content\">\n<h4 class=\"wp-block-heading\">O vinho na era da t\u00e9cnica e da informa\u00e7\u00e3o &#8211; Um estudo sobre Brasil e Argentina<\/h4>\n\n\n\n<p>Surpreendente e revelador, este livro possibilita ao leitor um novo olhar sobre o vinho e sua ind\u00fastria. \u00c9 principalmente das quest\u00f5es pol\u00edtica, econ\u00f4mica e cultural que M\u00edriam Aguiar trata ao se debru\u00e7ar sobre o setor vitivin\u00edcola, atenta \u00e0s especificidades desta nova era, fortemente regida pela tecnologia e pelas ci\u00eancias da informa\u00e7\u00e3o numa atmosfera globalizada e globalizante. Para isso, apresenta um estudo comparado entre Brasil e Argentina, sem deixar de contemplar elementos hist\u00f3ricos de outras na\u00e7\u00f5es, no qual o foco \u00e9 a difus\u00e3o midi\u00e1tica da cultura e do consumo do vinho.<\/p>\n\n\n\n<p>Como se caracteriza o chamado \u201cNovo Mundo do Vinho\u201d \u2013 que chega depois de um per\u00edodo de transforma\u00e7\u00f5es da bebida em seus processos produtivo, comercial e comunicativo-promocional \u2013 no que diz respeito ao seu consumo e \u00e0 sua difus\u00e3o midi\u00e1tica? O que este estudo comparado entre pa\u00edses com representa\u00e7\u00f5es t\u00e3o diferentes na ind\u00fastria do vinho revela?<\/p>\n\n\n\n<p>A autora apresenta aqui uma recapitula\u00e7\u00e3o hist\u00f3rica do desenvolvimento do setor e tece uma an\u00e1lise cr\u00edtica do panorama vitivin\u00edcola, que sofreu altera\u00e7\u00f5es a partir das \u00faltimas d\u00e9cadas do s\u00e9culo XX, em \u00e2mbito internacional. \u00c9 sob essa perspectiva diferenciada que M\u00edriam Aguiar nos apresenta a nova cara do vinho, adaptado \u00e0s especificidades contempor\u00e2neas de consumo, cultura e sociabilidade.<\/p>\n<\/div><\/div>\n\n\n\n<div class=\"wp-block-buttons is-layout-flex wp-block-buttons-is-layout-flex\">\n<div class=\"wp-block-button\"><a class=\"wp-block-button__link has-background\" href=\"https:\/\/grupoautentica.com.br\/autentica\/livros\/o-vinho-na-era-da-tecnica-e-da-informacao-um-estudo-sobre-brasil-e-argentina\/426\" style=\"background-color:#650020\" target=\"_blank\" rel=\"noreferrer noopener\">Comprar o livro<\/a><\/div>\n<\/div>\n\n\n\n<div style=\"height:30px\" aria-hidden=\"true\" class=\"wp-block-spacer\"><\/div>\n\n\n\n<hr class=\"wp-block-separator\"\/>\n\n\n\n<div class=\"wp-block-media-text alignwide is-stacked-on-mobile\" style=\"grid-template-columns:28% auto\"><figure class=\"wp-block-media-text__media\"><img loading=\"lazy\" decoding=\"async\" width=\"587\" height=\"1024\" src=\"https:\/\/www.miriamaguiar.com.br\/blog\/wp-content\/uploads\/2021\/03\/livro-587x1024.png\" alt=\"\" class=\"wp-image-758 size-full\" srcset=\"https:\/\/www.miriamaguiar.com.br\/blog\/wp-content\/uploads\/2021\/03\/livro-587x1024.png 587w, https:\/\/www.miriamaguiar.com.br\/blog\/wp-content\/uploads\/2021\/03\/livro-324x565.png 324w, https:\/\/www.miriamaguiar.com.br\/blog\/wp-content\/uploads\/2021\/03\/livro-416x725.png 416w, https:\/\/www.miriamaguiar.com.br\/blog\/wp-content\/uploads\/2021\/03\/livro-172x300.png 172w, https:\/\/www.miriamaguiar.com.br\/blog\/wp-content\/uploads\/2021\/03\/livro-768x1339.png 768w, https:\/\/www.miriamaguiar.com.br\/blog\/wp-content\/uploads\/2021\/03\/livro.png 830w\" sizes=\"auto, (max-width: 587px) 100vw, 587px\" \/><\/figure><div class=\"wp-block-media-text__content\">\n<h4 class=\"wp-block-heading\"> A qualidade no consumo do vinho<\/h4>\n\n\n\n<p><\/p>\n\n\n\n<p>A qualidade no consumo do vinho nos brinda com informa\u00e7\u00f5es importantes sobre um mercado cuja expans\u00e3o, no mundo, vem se fazendo n\u00e3o s\u00f3 de modo quantitativo, mas, sobretudo, qualitativamente. Os apreciadores dessa bebida, no Brasil, tornam-se cada vez mais exigentes, lan\u00e7ando m\u00e3o de v\u00e1rios crit\u00e9rios para realizar suas escolhas diante da diversifica\u00e7\u00e3o dos produtos: pre\u00e7o, \u00e9 claro, mas tamb\u00e9m regi\u00e3o de origem, caracter\u00edsticas do paladar e possibilidade de harmoniza\u00e7\u00e3o de um vinho espec\u00edfico com determinados pratos. A harmoniza\u00e7\u00e3o, ali\u00e1s, recebe aqui um tratamento especial. M\u00edriam Aguiar registra os resultados de um projeto de enogastronomia, baseado na experi\u00eancia de degusta\u00e7\u00e3o de vinhos e iguarias realizada em tr\u00eas cidades brasileiras que, de modo pioneiro, estabeleceu a harmoniza\u00e7\u00e3o entre vinhos e alguns pratos t\u00edpicos da cozinha nacional.<\/p>\n<\/div><\/div>\n\n\n\n<div style=\"height:25px\" aria-hidden=\"true\" class=\"wp-block-spacer\"><\/div>\n\n\n\n<div class=\"wp-block-buttons is-layout-flex wp-block-buttons-is-layout-flex\">\n<div class=\"wp-block-button\"><a class=\"wp-block-button__link has-background\" href=\"http:\/\/www.editorasenacsp.com.br\/portal\/produto.do?appAction=vwProdutoDetalhe&amp;idProduto=21889\" style=\"background-color:#650020\" target=\"_blank\" rel=\"noreferrer noopener\">Comprar o livro<\/a><\/div>\n<\/div>\n\n\n\n<div style=\"height:30px\" aria-hidden=\"true\" class=\"wp-block-spacer\"><\/div>\n\n\n\n<hr class=\"wp-block-separator\"\/>\n\n\n\n<div style=\"height:30px\" aria-hidden=\"true\" class=\"wp-block-spacer\"><\/div>\n\n\n\n<h3 class=\"wp-block-heading\">Artigos<\/h3>\n\n\n\n<figure class=\"wp-block-pullquote\"><blockquote><p><strong>Indica\u00e7\u00f5es Geogr\u00e1ficas &#8211; Qualidade e origem nos mercados alimentares<\/strong><\/p><cite>1\u00aa edi\u00e7\u00e3o: 2013<br>Direitos Reservados desta edi\u00e7\u00e3o:<br>Universidade Federal do Rio Grande do Sul<\/cite><\/blockquote><\/figure>\n\n\n\n<div style=\"height:20px\" aria-hidden=\"true\" class=\"wp-block-spacer\"><\/div>\n\n\n\n<div class=\"wp-block-buttons is-layout-flex wp-block-buttons-is-layout-flex\">\n<div class=\"wp-block-button\"><a class=\"wp-block-button__link has-background\" href=\"http:\/\/www.ufrgs.br\/pgdr\/publicacoes\/producaotextual\/paulo-niederle\/niederle-paulo-andre-indicacoes-geograficas-e-processos-de-qualificacao-nos-mercados-agroalimentares-in-paulo-andre-niederle-org-indicacoes-geograficas-qualidade-e-origem-nos-mercados-alimentares-1ed-porto-alegre-ufrgs-2013-v-1-p-23-53\" style=\"background-color:#650020\" target=\"_blank\" rel=\"noreferrer noopener\">Ler artigo<\/a><\/div>\n<\/div>\n\n\n\n<div style=\"height:40px\" aria-hidden=\"true\" class=\"wp-block-spacer\"><\/div>\n\n\n\n<figure class=\"wp-block-pullquote\"><blockquote><p><strong>Globaliza\u00e7\u00e3o do Mercado de Vinhos Finos e o Protagonismo Promocional das Redes Sociais<\/strong><\/p><cite>PPGCOM UERJ<br>Comunica\u00e7\u00e3o e Contemporaneidades &#8211; 2<\/cite><\/blockquote><\/figure>\n\n\n\n<div style=\"height:20px\" aria-hidden=\"true\" class=\"wp-block-spacer\"><\/div>\n\n\n\n<div class=\"wp-block-buttons is-layout-flex wp-block-buttons-is-layout-flex\">\n<div class=\"wp-block-button\"><a class=\"wp-block-button__link has-background\" href=\"http:\/\/miriamaguiar.com.br\/artigos\/gmvf.pdf\" style=\"background-color:#650020\" target=\"_blank\" rel=\"noreferrer noopener\">Ler artigo<\/a><\/div>\n<\/div>\n\n\n\n<p><\/p>\n","protected":false},"excerpt":{"rendered":"<p>Conhe\u00e7a um pouco mais do conte\u00fado que produzo. Livros O vinho na era da t\u00e9cnica e da informa\u00e7\u00e3o &#8211; Um estudo sobre Brasil e Argentina Surpreendente e revelador, este livro [&hellip;]<\/p>\n","protected":false},"author":2,"featured_media":301,"parent":0,"menu_order":0,"comment_status":"closed","ping_status":"closed","template":"","meta":{"_uag_custom_page_level_css":"","footnotes":""},"class_list":["post-19","page","type-page","status-publish","has-post-thumbnail","hentry"],"uagb_featured_image_src":{"full":false,"thumbnail":false,"medium":false,"medium_large":false,"large":false,"1536x1536":false,"2048x2048":false,"purosa_thumbnail":false,"purosa_medium":false,"purosa_medium_large":false,"purosa_featured_large":false,"purosa_large":false},"uagb_author_info":{"display_name":"M\u00edriam Aguiar","author_link":"https:\/\/www.miriamaguiar.com.br\/blog\/author\/adm_miriamaguiar\/"},"uagb_comment_info":0,"uagb_excerpt":"Conhe\u00e7a um pouco mais do conte\u00fado que produzo. Livros O vinho na era da t\u00e9cnica e da informa\u00e7\u00e3o &#8211; Um estudo sobre Brasil e Argentina Surpreendente e revelador, este livro [&hellip;]","_links":{"self":[{"href":"https:\/\/www.miriamaguiar.com.br\/blog\/wp-json\/wp\/v2\/pages\/19","targetHints":{"allow":["GET"]}}],"collection":[{"href":"https:\/\/www.miriamaguiar.com.br\/blog\/wp-json\/wp\/v2\/pages"}],"about":[{"href":"https:\/\/www.miriamaguiar.com.br\/blog\/wp-json\/wp\/v2\/types\/page"}],"author":[{"embeddable":true,"href":"https:\/\/www.miriamaguiar.com.br\/blog\/wp-json\/wp\/v2\/users\/2"}],"replies":[{"embeddable":true,"href":"https:\/\/www.miriamaguiar.com.br\/blog\/wp-json\/wp\/v2\/comments?post=19"}],"version-history":[{"count":12,"href":"https:\/\/www.miriamaguiar.com.br\/blog\/wp-json\/wp\/v2\/pages\/19\/revisions"}],"predecessor-version":[{"id":867,"href":"https:\/\/www.miriamaguiar.com.br\/blog\/wp-json\/wp\/v2\/pages\/19\/revisions\/867"}],"wp:featuredmedia":[{"embeddable":true,"href":"https:\/\/www.miriamaguiar.com.br\/blog\/wp-json\/"}],"wp:attachment":[{"href":"https:\/\/www.miriamaguiar.com.br\/blog\/wp-json\/wp\/v2\/media?parent=19"}],"curies":[{"name":"wp","href":"https:\/\/api.w.org\/{rel}","templated":true}]}}